et m(l) = 6*l**2 + l + 11. Let z(b) = -13*b**2 - 2*b - 21. Let f(r) = -11*m(r) - 6*z(r). Let p be f(-3). What is the greatest common divisor of p and 22?
22
Let v(y) = y**2 + 4*y + 5. Let k be v(-9). Calculate the highest common factor of 125 and k.
25
Let j(k) = -10*k - 2. Let h be j(-3). Calculate the highest common factor of 140 and h.
28
Let k be 54*((-21)/(-9) - 2). Suppose 6*j - 3*j - k = 0. Let u be -5*(-1)/(-5)*-2. Calculate the highest common factor of u and j.
2
Let j(w) = 1. Let n(b) = b - 15. Let v(d) = 2*j(d) - 2*n(d). Let o be v(0). What is the highest common factor of o and 16?
16
Let s = -58 + 37. Let b = s + 41. What is the highest common factor of b and 4?
4
Let k = 35 + -26. What is the highest common factor of k and 45?
9
Suppose 3*o - 4*h - 124 = 0, 3*o + 3*h - 255 = -2*o. What is the highest common factor of o and 6?
6
Let v be -1 + 2/((-2)/1). Let m be v - (-24 - -2) - -1. What is the highest common divisor of m and 126?
21
Let p be (-4)/(-2) + (-1 - 1). Let i = 3 + p. Suppose 19 = i*r + 1. What is the highest common factor of r and 2?
2
Suppose -111 = 4*r - 271. Let x be 0 - (-1 + 2) - -8. Suppose 32 = x*o - 3*o. Calculate the greatest common factor of o and r.
8
Let l be -12*(4/6 + -1). Let h(b) = b + 1. Let p(c) = 5*c + 6. Let f(d) = -4*h(d) + p(d). Let u be f(-1). What is the highest common divisor of l and u?
1
Let k = 5 - -16. Calculate the greatest common factor of k and 168.
21
Let z be (270/(-20))/(2/(-12)). What is the highest common divisor of z and 9?
9
Suppose 3*v - 147 = -0*v. Calculate the greatest common divisor of v and 21.
7
Suppose 163 = 5*b - 3*q, -b = q - 5*q - 19. Calculate the greatest common factor of b and 280.
35
Let m = -8 + 9. Let b be (24 + 0 - m) + 0. Calculate the highest common factor of b and 253.
23
Let f(t) = -t**2 + 4*t - 3. Let w be f(4). Let a be 6/(-18) + (-133)/w. Let k = 17 + -6. What is the greatest common divisor of a and k?
11
Let r(d) = 3*d**2 - 5*d - 6. Let c be r(3). Calculate the highest common divisor of c and 6.
6
Let u be (-4)/3*3/2. Let h be (20/(-8))/(1/u). Suppose v - 18 = -s, 8*s - h*v = 4*s + 72. Calculate the highest common factor of s and 12.
6
Let n = 8 - 4. Suppose 0 = f - n*f + 72. Let g = -14 + f. Calculate the greatest common divisor of 20 and g.
10
Let c be 3 + (38 - 4 - 3). Calculate the greatest common divisor of 374 and c.
34
Let h be (-4)/(-8)*(38 + 0). Suppose 5*z + 7 = -2*k + 3*k, -k - z + h = 0. Calculate the greatest common divisor of k and 17.
17
Let r(x) = 52*x**3 + x**2 - 1. Let g be r(1). Calculate the highest common divisor of g and 13.
13
Suppose 19 = 2*a + a - 4*f, 3*a - 24 = 3*f. Calculate the greatest common divisor of a and 39.
13
Let a(b) = -b**3 - 9*b**2 + 3*b + 8. Let u be a(-10). Suppose u = 5*f - 2*f. Calculate the highest common divisor of 39 and f.
13
Let v be (-132)/(-21) + 4/(-14). Suppose -v*t = -3*t - 135. Suppose -3*l = -14 - 13. Calculate the highest common factor of t and l.
9
Suppose -4*b + 3 = 5*m - 37, -2*m + 3*b = -16. Calculate the highest common divisor of 64 and m.
8
Let w be (-150)/(3 - 0)*5/(-10). Calculate the highest common factor of w and 5.
5
Suppose -4*o = 2*t - 2 + 18, 2*o = -4. Let v be (1 - 0/t)*11. What is the greatest common divisor of v and 44?
11
Suppose 7*k = 2*k + 20. Suppose -2*p = 3*b - 4, -k*b + 3*b - 2*p = -8. Let v be -1 + (1 - -8 - b). Calculate the highest common divisor of v and 5.
5
Suppose 0 = -f - 0*f - 2, 0 = -3*l - 4*f + 37. What is the highest common factor of 3 and l?
3
Suppose 4*b - 18 = 2. Suppose 0 = 3*o - o + b*t - 56, 5*o - 5*t - 105 = 0. Let m = o - -65. What is the greatest common divisor of 11 and m?
11
Let n be 8/28 - 2544/(-14). Calculate the highest common divisor of n and 14.
14
Suppose 5*t = -4*s + 14, -2*s = 6*t - 8*t + 2. What is the greatest common divisor of 30 and t?
2
Suppose 0 = 3*r + p - 25, 0*r + p = -r + 7. Calculate the highest common factor of 81 and r.
9
Suppose 4*n + 12 = 0, 0*b - 2*b = n - 109. What is the highest common divisor of 8 and b?
8
Let z(c) = -2*c - 1. Let j be z(1). Let i(s) = -7*s + 1. Let y be i(-1). Let w = j + y. What is the greatest common factor of w and 35?
5
Let n(y) be the second derivative of -y**5/20 - y**4/2 - y**3/6 - y**2 - 7*y. Let k be n(-6). Calculate the greatest common divisor of 20 and k.
4
Let o(i) = -i**3 - i - 1. Let d(f) = -6*f**3 - 6*f**2 + 2*f - 4. Let l(m) = d(m) - 5*o(m). Let g be l(-7). Calculate the highest common factor of 9 and g.
1
Let k(d) = -d + 6. Let b be k(3). Suppose b*h = q - 44, 0 = -5*q + h - 63 + 227. Suppose -2*o + o + 4 = 0. What is the greatest common divisor of q and o?
4
Let j = -8 - -6. Let h be 2/4 + (-77)/j. Let u(a) = 5*a - 2. Let o be u(3). What is the highest common divisor of h and o?
13
Let t be 342/(-133)*28/(-3). What is the greatest common factor of 120 and t?
24
Let o be ((97 + -4)*1)/((-3)/(-2)). Calculate the greatest common divisor of 496 and o.
62
Let c = 89 - 46. Calculate the highest common factor of c and 473.
43
Let t(n) = 2*n**2 + 9*n. Let q be t(-6). Let o = 42 - q. Calculate the greatest common factor of o and 60.
12
Suppose 31 - 101 = -14*u. What is the greatest common divisor of 20 and u?
5
Let p(o) = -o**2 - o + 8. Let d be p(0). Let s be -2 - (-1)/(1/(-10)). Let c = -4 - s. What is the highest common factor of c and d?
8
Let r(w) = w**2 - 2. Let t be r(2). Suppose 320 = 4*v - t*v. What is the greatest common factor of v and 20?
20
Suppose j = -j + r - 4, -8 = 5*j - 3*r. Let m be ((-2)/3)/(j/18). Suppose 0*g = m*g - 216. What is the highest common divisor of 8 and g?
8
Let j = 9 - -19. Let p = -10 - 0. Let y = -6 - p. Calculate the highest common factor of j and y.
4
Suppose -3*a = -4*g - 45, -4*a + a = g - 45. Let x(i) = 4*i**2 + 4*i - 5. Let q be x(-5). Calculate the greatest common factor of q and a.
15
Let y = -8 + 8. Let o(z) = z + 98. Let t be o(y). Calculate the highest common factor of 14 and t.
14
Suppose -5*x + 0*x = 530. Let r = x - -194. What is the greatest common divisor of r and 8?
8
Let h(o) = -4*o - 2. Let g be h(-13). What is the greatest common divisor of g and 10?
10
Suppose -4*a + 9 = i, -a - 4*a = -3*i - 24. Let h be i/15 + (-48)/(-15). Calculate the highest common factor of h and 12.
3
Let f = -5 + 17. Suppose 0 = y - 3. Suppose -n - b = -19, n = -4*n + y*b + 135. What is the highest common factor of n and f?
12
Let d = 5 + 49. Let w = -4 - 1. Let y be (-18)/w*(-3 - -8). Calculate the greatest common divisor of y and d.
18
Let a(d) = 3*d - 1. Let f be a(2). Suppose 0 = 3*y + y - 24. Let v(k) = -k**2 + 8*k - 7. Let s be v(y). What is the greatest common factor of s and f?
5
Suppose 7*y = 2*y + 45. Let u = y - 1. Calculate the highest common divisor of 1 and u.
1
Let y = -25 - -49. What is the highest common divisor of 6 and y?
6
Suppose i + 2*i = p - 9, 0 = -4*p - 4*i + 100. What is the highest common factor of 14 and p?
7
Suppose -4*o + 16*i = 11*i - 32, 0 = -4*o + 2*i + 20. Suppose -3*n - 165 = -8*n. Calculate the greatest common divisor of n and o.
3
Let x = -27 + 52. What is the greatest common factor of 5 and x?
5
Let w be (-645)/45*(0 + (-3 - 0)). What is the greatest common divisor of 344 and w?
43
Let r = -9 + 11. Suppose -5*b + r*b = -5*w + 5, 0 = b. Calculate the greatest common factor of w and 2.
1
Let d(b) be the first derivative of -b**2/2 + 3*b + 4. Let t be d(-5). Suppose 5*x - 5*q = 0, -q + 3 = 2*q. Calculate the highest common divisor of x and t.
1
Suppose -2*s - s = -3*m - 3, -5*s + 13 = -m. Suppose 0 = -3*q - 3, 166 = s*v - 2*q + q. Let j = -6 - -11. What is the highest common divisor of v and j?
5
Let i = -3 - -20. Let m(k) = k**3 + 8*k**2 + 5*k + 2. Let z be m(-7). Let n = z - -69. What is the greatest common factor of n and i?
17
Suppose -d - 2 = -3*d. Let w(f) = -3*f**2 + 2*f - 1. Let v be w(d). Let a be 134/3 - v/(-3). What is the highest common factor of 11 and a?
11
Let s(o) = -3*o - 6. Let b be s(-5). Let j = 15 - b. What is the highest common factor of 18 and j?
6
Let l be (-1 - 3)*(0 + 2). Let b be (-1)/(-4) - 14/l. Suppose -2*f + 8 = b. Calculate the highest common factor of f and 12.
3
Let u(i) = i**3 - i**2 + i + 4. Let x be u(0). Suppose x*d + 20 = 4. Let o be 1*-12*6/d. What is the highest common factor of 90 and o?
1